*2 - 450*m + 24. What is g(4)?
-48
Let o(t) = t**2 + 176*t + 3512. Calculate o(-153).
-7
Let f(u) = -76*u - 65. Determine f(-5).
315
Let b(l) = 14*l**2 - 3*l - 8. Determine b(-4).
228
Let q(d) = d**3 + 4*d**2 - 98*d + 3. What is q(-12)?
27
Let x(z) = -z - 51. What is x(-37)?
-14
Let w(i) = 94*i - 248. Calculate w(6).
316
Let g(f) = 2*f**2 + 76*f + 94. Calculate g(-37).
20
Let x(z) = -79*z + 19. Calculate x(2).
-139
Let n(q) = -2*q**2 + 170*q + 3018. What is n(-15)?
18
Let n(d) = -d**2 + 21*d + 60. Determine n(24).
-12
Let i(f) = -59*f - 1343. What is i(-21)?
-104
Let h(y) = -2*y**3 + 506*y + 3. Determine h(-16).
99
Let b(r) = 15*r**2 - 3999*r - 1574. Determine b(267).
28
Let p(k) = 3962*k + 19824. Determine p(-5).
14
Let a(o) = -11*o**2 + 97*o + 42. Give a(9).
24
Let v(a) = 37*a + 153. Calculate v(4).
301
Let j(i) = -18*i**2 - 9*i + 21. Calculate j(4).
-303
Let d(q) = q**2 - 15*q + 15. Calculate d(2).
-11
Let a(j) = -j**3 - 16*j**2 - 60*j - 408. Give a(-14).
40
Let f(o) = -o**3 + 43*o**2 + 4*o - 161. Determine f(43).
11
Let y(n) = -n + 79. What is y(19)?
60
Let j(q) = 3*q**2 - 112*q + 947. Give j(13).
-2
Let q(z) = 23*z**2 - 44*z - 43. Determine q(-1).
24
Let s(k) = -k**2 - 73*k + 2. Determine s(0).
2
Let a(c) = 93*c - 529. Determine a(7).
122
Let p(o) = 30*o - 340. Give p(-14).
-760
Let v(p) = 666*p - 3454. Give v(5).
-124
Let v(a) = -7*a + 463. Give v(66).
1
Let a(l) = l**2 + 57*l - 398. Give a(-70).
512
Let p(j) = -3*j**3 - 37*j**2 - 97*j - 1613. Give p(-13).
-14
Let m(a) = -11*a**3 - a**2 - 18*a - 53. Calculate m(-3).
289
Let j(r) = r**2 + 62*r + 541. Calculate j(-51).
-20
Let k(c) = -23*c + 217. Give k(10).
-13
Let q(d) = d**2 + 17*d + 23. Calculate q(-24).
191
Let n(a) = a**3 - a**2 - 23*a - 26. Give n(-6).
-140
Let h(i) = 5*i**3 - 11*i**2 - 40*i - 1. Give h(6).
443
Let c(j) = -j**2 - 13*j + 2581. Determine c(45).
-29
Let z(l) = -2*l**3 + 107*l**2 - 158*l + 98. What is z(52)?
-6
Let k(f) = -f**3 + 13*f**2 - 30*f + 120. Calculate k(11).
32
Let t(i) = 1262*i - 8759. Determine t(7).
75
Let w(y) = -41*y + 256. What is w(6)?
10
Let w(d) = 5503*d - 27511. Determine w(5).
4
Let o(k) = -58*k**2 + 797*k + 111. What is o(14)?
-99
Let f(c) = -110*c**2 + 6*c - 6. Determine f(1).
-110
Let v(l) = l**2 + 5*l - 3. Determine v(-15).
147
Let r(o) = -5*o**3 + 31*o**2 - 15. Determine r(6).
21
Let x(u) = 5*u**3 - 15*u**2 - 11*u - 22. What is x(4)?
14
Let i(n) = -421*n - 27. What is i(-1)?
394
Let j(v) = 4146*v + 12431. Determine j(-3).
-7
Let i(q) = -q**3 - 6*q**2 - 35*q - 218. Determine i(-6).
-8
Let g(m) = m**3 - 3*m**2 - 29*m - 15. Determine g(7).
-22
Let n(j) = 3*j**3 + 91*j**2 + 626*j + 107. Calculate n(-20).
-13
Let h(v) = -v**2 - 24*v - 73. Determine h(-18).
35
Let k(a) = -a**3 - 11*a**2 - 28*a - 4. Calculate k(-5).
-14
Let o(b) = -57*b - 225. Give o(5).
-510
Let l(o) = 3*o**2 + 25*o + 83. Determine l(-7).
55
Let c(a) = 7*a**2 - 372*a + 311. Give c(52).
-105
Let g(q) = q**3 - 22*q**2 + 33*q - 232. Give g(21).
20
Let d(h) = h**2 - 46*h + 178. Determine d(25).
-347
Let b(w) = 97*w - 8026. Determine b(82).
-72
Let i(u) = 2*u**2 + 249*u + 495. Calculate i(-2).
5
Let l(h) = 51*h + 182. What is l(-5)?
-73
Let c(m) = m**3 - 27*m**2 - 28*m + 63. What is c(28)?
63
Let k(s) = 4*s**2 - 39*s + 319. Give k(0).
319
Let v(w) = -62*w + 128. Calculate v(2).
4
Let x(u) = -9*u**2 + 1025*u - 906. Give x(113).
-2
Let c(y) = 136*y**3 + y**2 - 8*y - 10. Give c(-1).
-137
Let w(p) = 6*p**3 - p**2 - 27*p + 28. Give w(1).
6
Let d(q) = 1376*q + 34430. What is d(-25)?
30
Let o(k) = -6*k**3 + 34*k**2 + k + 62. What is o(6)?
-4
Let w(i) = -i**3 - 23*i**2 + 109*i + 79. Determine w(-27).
52
Let f(q) = -q**2 - 379*q - 6173. What is f(-17)?
-19
Let y(s) = -70*s + 149. Calculate y(-4).
429
Let d(a) = -a**2 - 146*a - 3727. Determine d(-113).
2
Let d(p) = -p**2 + 138*p + 3561. Determine d(160).
41
Let w(c) = 11*c + 158. What is w(-24)?
-106
Let i(l) = 2*l**2 + 210*l + 4600. Determine i(-74).
12
Let h(k) = k**3 - 28*k**2 - 68*k + 114. Determine h(30).
-126
Let z(a) = -621*a - 1251. Calculate z(-2).
-9
Let l(h) = 2*h**3 - 107*h**2 + 524*h + 191. Determine l(48).
-1
Let d(s) = -33*s**2 - 6*s - 19. Give d(-2).
-139
Let q(b) = 3373*b. Determine q(0).
0
Let c(q) = 19*q + 51. Calculate c(-3).
-6
Let z(j) = -2*j**2 - 1953*j + 58323. Determine z(29).
4
Let l(i) = -7*i**3 + 596*i**2 - 89*i + 293. What is l(85)?
-47
Let n(u) = -u**3 - 8*u**2 + 25*u - 6. Determine n(4).
-98
Let d(c) = 43*c - 1598. What is d(37)?
-7
Let q(t) = -t**3 + 18*t**2 + 27*t - 746. What is q(17)?
2
Let a(y) = 2*y**2 + 104*y + 1284. What is a(-30)?
-36
Let z(m) = -m**3 - 25*m**2 + 27*m + 75. Calculate z(-26).
49
Let i(q) = -q**3 - 57*q**2 + 62*q + 202. Give i(-58).
-30
Let r(k) = -4*k**2 + 109*k - 62. Determine r(27).
-35
Let n(k) = 13*k - 81. Give n(8).
23
Let i(r) = 3*r**3 - 4*r**2 - 6*r. What is i(2)?
-4
Let y(f) = 680*f**2 - 4752*f - 11. What is y(7)?
45
Let m(d) = d**3 - 88*d**2 + 496*d - 21. Determine m(6).
3
Let s(v) = 536*v - 1068. Determine s(2).
4
Let l(o) = -8*o**3 - 78*o**2 - 11*o + 5. What is l(-10)?
315
Let t(m) = -32*m - 1667. What is t(-52)?
-3
Let y(n) = 162*n - 1070. Calculate y(6).
-98
Let x(k) = -340*k + 106757. Calculate x(314).
-3
Let a(q) = 5*q**2 - 3*q - 2. Calculate a(-2).
24
Let g(a) = -a**2 + 214*a - 10669. What is g(79)?
-4
Let u(k) = 11*k + 72. What is u(-6)?
6
Let s(q) = -24*q - 34. Determine s(-2).
14
Let n(v) = -v**2 - v + 296. Determine n(-19).
-46
Let q(p) = -p**3 + 3*p**2 + 9*p + 26. What is q(6)?
-28
Let g(r) = -r**3 - 82*r**2 + 79*r - 366. Give g(-83).
-34
Let j(b) = -938*b - 19675. Give j(-21).
23
Let i(x) = 2210*x - 11047. Determine i(5).
3
Let j(l) = -2*l**2 + 100*l + 16. Give j(50).
16
Let u(k) = k**2 - 18*k + 56. Calculate u(16).
24
Let c(i) = -i**3 - 12*i**2 - 52*i - 197. What is c(-6)?
-101
Let v(b) = -142*b**2 + 2*b + 21. Calculate v(0).
21
Let z(u) = -19*u**2 + 35*u + 147. What is z(-2)?
1
Let a(l) = 23*l + 319. Determine a(-13).
20
Let z(j) = 3*j**2 + 10*j + 15. Determine z(-8).
127
Let b(w) = 2*w**3 - 17*w**2 - 27*w + 101. Determine b(9).
-61
Let d(z) = 280*z - 844. Determine d(3).
-4
Let p(n) = -10*n**2 + 182*n + 885. What is p(-4)?
-3
Let m(b) = -b**3 + 37*b**2 + 92*b - 3435. Calculate m(37).
-31
Let m(v) = v**3 + 62*v**2 + 136*v + 827. What is m(-60)?
-133
Let h(v) = 742*v + 1488. Give h(-2).
4
Let l(j) = -1357*j - 12252. Determine l(-9).
-39
Let n(t) = -38*t**2 - 2128*t - 123. Determine n(-56).
-123
Let x(d) = -219*d + 145. Give x(2).
-293
Let c(w) = -1299*w - 19496. Calculate c(-15).
-11
Let q(z) = z**3 + 3*z**2 - 10*z - 20. Give q(-5).
-20
Let t(y) = -2*y**2 - 65*y - 181. What is t(-3)?
-4
Let w(b) = -b**3 + b**2 - 6*b - 158. Calculate w(0).
-158
Let h(x) = x**2 + 95*x + 98. What is h(-1)?
4
Let r(w) = w**2 - 49*w - 668. What is r(60)?
-8
Let q(f) = f**3 + 9*f - 16. Give q(2).
10
Let k(y) = 99*y - 2552. Calculate k(26).
22
Let o(n) = -67*n - 1009. Give o(-15).
-4
Let u(l) = -121*l - 860. What is u(-8)?
108
Let r(p) = p**2 + 9*p - 20. Calculate r(6).
70
Let x(d) = -3*d**2 - 9*d + 87. What is x(6)?
-75
Let a(j) = -3*j**3 + 36*j**2 - 15*j + 27. Calculate a(11).
225
Let l(x) = -2*x**3 - 164*x**2 - 1183*x + 69. Give l(-74).
-5
Let p(n) = -2*n**2 + 132*n - 360. Give p(63).
18
Let p(a) = a**3 + 11*a**2 - 16*a - 22. Determine p(-13).
-152
Let n(w) = -75*w - 1052. Determine n(-14).
-2
Let c(y) = -y**2 - 31*y + 3207. What is c(43)?
25
Let d(b) = b**2 - 303*b - 2662. Give d(-9).
146
Let o(c) = -228*c + 15284. Calculate o(67).
8
Let y(i) = i**2 + 5*i + 5. Determine y(-15).
155
Let i(k) = 2*k**2 - 45*k - 181. Determine i(26).
1
Let g(d) = 14*d + 24. Determine g(-3).
-18
Let b(q) = -q**2 + 49*q - 538. Determine b(27).
56
Let r(h) = -23*h + 851. Give r(32).
115
Let t(s) = 33*s + 471. Determine t(-24).
-321
Let o(m) = 5*m**3 - 7*m + 19. What is o(3)?
133
Let o(l) = -l**3 - 12*l**2 - l + 214. Give o(-6).
4
Let x(q) = -q**2 - 16*q + 12. Calculate x(-15).
27
Let b(o) = 7*o**2 - 8*o + 1. Give b(6).
205
Let r(m) = 807*m - 13845. Determine r(17).
-126
Let u(i) = -2*i**2 + 60*i - 456. Calculate u(14).
-8
Let c(j) = -4*j**3 - j**2 + j + 3. What is c(3)?
-111
Let a(f) = -26*f + 159. Calculate a(8).
-49
Let j(x) = -9*x**3 + 271*x**2 - 33*x + 80. What is j(30)?
-10
Let d(n) = 7*n**3 + n**2 - 31*n